 base 9, what is -537334 + -37?
-537372
In base 13, what is -5 + -62a4507?
-62a450c
In base 7, what is -21 - 102043?
-102064
In base 8, what is -237464673 - 2?
-237464675
In base 8, what is -7510 + 223447?
213737
In base 2, what is -11111110111000001010 + 100101?
-11111110110111100101
In base 12, what is 1 - 15444ba?
-15444b9
In base 10, what is -94 + -88660?
-88754
In base 9, what is 18 + -158573500?
-158573471
In base 12, what is 0 + -83b256?
-83b256
In base 2, what is 1001010010000 - -11110100100110?
100111110110110
In base 10, what is -7 - -57801766?
57801759
In base 11, what is 3 + -628339a?
-6283397
In base 6, what is 1044351312 - 3?
1044351305
In base 5, what is 10210 - -244444?
310204
In base 16, what is 3c5 - -396b2?
39a77
In base 16, what is 6e378 - 1c?
6e35c
In base 13, what is -5215191 - -4?
-521518a
In base 9, what is -2335742 + -1?
-2335743
In base 15, what is 1 + -300b74e?
-300b74d
In base 7, what is 165644201 - 1?
165644200
In base 5, what is -3 - -331130122402?
331130122344
In base 5, what is -40444111222 - 3?
-40444111230
In base 15, what is -62a24b - -13?
-62a238
In base 16, what is -1c08a - 19?
-1c0a3
In base 13, what is 4891243 - -1?
4891244
In base 7, what is 3242130 - 15?
3242112
In base 13, what is 729ba + -160?
7285a
In base 9, what is 178 + -583613?
-583424
In base 16, what is 26c3 - 23?
26a0
In base 5, what is 41 + 23424413?
23430004
In base 9, what is -1038721 + -73?
-1038804
In base 14, what is c5 - 48a02b?
-489d46
In base 5, what is 33 + -20040130?
-20040042
In base 13, what is 0 - -c6b3c3b?
c6b3c3b
In base 2, what is -1001 + 1100000011000001111?
1100000011000000110
In base 11, what is -31 + 514a99?
514a68
In base 15, what is -1ea + -c7c8?
-c9c3
In base 11, what is 383748 - 398?
383360
In base 5, what is 12 + -203124441440?
-203124441423
In base 9, what is 8833075 - -6?
8833082
In base 11, what is 29513 - -503?
29a16
In base 14, what is -2 + -46a425?
-46a427
In base 6, what is -154044121 + 4?
-154044113
In base 6, what is 23 + -132145150?
-132145123
In base 13, what is 19214a + -236?
191c14
In base 6, what is 5405554 + 110?
5410104
In base 9, what is 44712151 + 0?
44712151
In base 7, what is 15565 + 146045?
164643
In base 10, what is 178668 - 224?
178444
In base 10, what is 3492231 - 24?
3492207
In base 8, what is 3 + -11246131?
-11246126
In base 3, what is -21210012121020 - -211?
-21210012120102
In base 10, what is -1628 - 5746?
-7374
In base 13, what is -2b37 + 44ab?
1674
In base 15, what is 1416a + -41?
14129
In base 11, what is -2a01a + 1494?
-28636
In base 12, what is 1 - 55682754?
-55682753
In base 7, what is 3 + -3146042163?
-3146042160
In base 2, what is -1101101000001001010110 - -100010?
-1101101000001000110100
In base 14, what is -a - -737a?
7370
In base 6, what is 225141 + 54531?
324112
In base 10, what is 2415797273 + -3?
2415797270
In base 11, what is 5 + 1562231?
1562236
In base 6, what is 1313 - 200323?
-155010
In base 7, what is 21061354021 - 2?
21061354016
In base 10, what is 497393 - 103?
497290
In base 9, what is 0 - 14172183?
-14172183
In base 7, what is -4 + -16501055?
-16501062
In base 9, what is 1484 + -76?
1407
In base 13, what is -32 + -5a6610?
-5a6642
In base 11, what is 3169 + -7481?
-4313
In base 14, what is -c - a2666?
-a2674
In base 6, what is -13 - 1121223303?
-1121223320
In base 10, what is 3 - -35519034?
35519037
In base 9, what is 6 - -52403057?
52403064
In base 5, what is -21404 - 102423?
-124332
In base 2, what is -110110101011100001011101 - -10001?
-110110101011100001001100
In base 5, what is -1323013 + 410303?
-412210
In base 9, what is 7677847 + -12?
7677835
In base 4, what is 10 - -32133321?
32133331
In base 3, what is 10110000210 - -1022000120?
11202001100
In base 3, what is 210 + -111022201120220?
-111022201120010
In base 16, what is -c + bc2c81?
bc2c75
In base 13, what is 464 - 5a950?
-5a4b9
In base 7, what is 0 + 1414445145?
1414445145
In base 6, what is 23441 - -320134?
344015
In base 4, what is -3 - -22003021322?
22003021313
In base 11, what is -2403345 - -4?
-2403341
In base 12, what is -6663b1 + 6?
-6663a7
In base 13, what is 5cb800b + -2?
5cb8009
In base 11, what is 204 - 12432?
-12229
In base 10, what is 15570 + 25740?
41310
In base 3, what is 12 + -120102221101010?
-120102221100221
In base 4, what is -3322023323020 + -10?
-3322023323030
In base 16, what is a + -ff52d?
-ff523
In base 2, what is -11000101011010100000100111 - 0?
-11000101011010100000100111
In base 3, what is 202021 - 11022100002201?
-11022022100110
In base 11, what is 16405a + -158?
163a02
In base 15, what is -66060 - -e2e?
-65131
In base 2, what is 10110 - 11000111011010101011010?
-11000111011010101000100
In base 14, what is 21430 - 38?
213d6
In base 15, what is 1 + 5567a6?
5567a7
In base 6, what is 5 + -131420350?
-131420341
In base 8, what is 326 + -202564?
-202236
In base 11, what is -1 + -566026?
-566027
In base 10, what is -352 + -1006626?
-1006978
In base 6, what is -513133 - 112?
-513245
In base 2, what is 100010100011111110101011001 + 0?
100010100011111110101011001
In base 13, what is -5b3 + -13423?
-13a06
In base 14, what is -75c4 - -18058?
10874
In base 10, what is 155210 + -152?
155058
In base 10, what is 3 + -709386?
-709383
In base 4, what is 311011 + 210232?
1121303
In base 15, what is 45 - -51a6?
51eb
In base 16, what is -1 + -1c48c7?
-1c48c8
In base 13, what is -121b8c + 7?
-121b85
In base 2, what is -1100111001100000111000 - 111?
-1100111001100000111111
In base 13, what is -487727 - -23?
-487704
In base 16, what is -a7 - 172?
-219
In base 3, what is 1002200211200102222 + 11?
1002200211200110010
In base 2, what is 111111110010001011 - 1101110?
111111110000011101
In base 8, what is 144262 + 300?
144562
In base 13, what is -9c35b1 - 5?
-9c35b6
In base 6, what is -15 - 200355001?
-200355020
In base 7, what is -13566 + 4114?
-6452
In base 8, what is -4627 - 175271?
-202120
In base 3, what is 1200202211 + -21011002?
1102121202
In base 6, what is -3 + -405325425?
-405325432
In base 16, what is -135 + 29c91?
29b5c
In base 9, what is -30 + -3645315?
-3645345
In base 8, what is 0 + 157144324?
157144324
In base 2, what is -110001110100010111 + -110100100111?
-110010101000111110
In base 8, what is 1527132573 - -5?
1527132600
In base 13, what is 16 + -c718a?
-c7174
In base 13, what is 12544c53 - 6?
12544c4a
In base 13, what is -425468c - -6?
-4254686
In base 6, what is 14011 - -124220?
142231
In base 15, what is 294447c - 0?
294447c
In base 5, what is 10242031241 - -2?
10242031243
In base 13, what is -451 - 44339?
-4478a
In base 14, what is -3d0 - -8d0c?
891c
In base 13, what is -513762 - 35?
-513797
In base 3, what is -2110200122200002 + 11?
-2110200122122221
In base 15, what is -1 - -43373e?
43373d
In base 11, what is -7 + 1189402?
11893a6
In base 10, what is 12845 - 6530?
6315
In base 12, what is 4a2800 + 5?
4a2805
In base 7, what is 1102 + 151234?
152336
In base 5, what is -14040 + 12322030?
12302440
In base 16, what is -3539c + 27d?
-3511f
In base 4, what is 1323102 - 10120000?
-2130232
In base 13, what is -12471877 + 3?
-12471874
In base 10, what is -9064 - -7?
-9057
In base 7, what is -6 - 2514412?
-2514421
In base 9, what is 85560151 - 56?
85560084
In base 9, what is 87 + 10088367?
10088465
In base 6, what is -1 + -11502504523?
-11502504524
In base 9, what is 236800676 + -2?
236800674
In base 14, what is -24 + 2a0abb?
2a0a97
In base 5, what is -20 - 140124420?
-140124440
In base 2, what is -1101110 + 1001100000111100111101?
1001100000111011001111
In base 4, what is -1102222 - 13221?
-1122103
In base 15, what is b7 - -17570?
17637
In base 11, what is 246600 + -8?
2465a3
In base 11, what is -4195 - -2a246?
26061
In base 13, what is 4b5b6 + 15?
4b5cb
In base 9, what is -142 + -11218?
-11361
In base 5, what is -223332340 - -302?
-223332033
In base 13, what is b + -8a1295?
-8a1287
In base 10, what is 254323 - 2?
254321
In base 16, what is -c66abb + -8?
-c66ac3
In base 5, what is 1 + 143122100?
143122101
In base 2, what is 101011 + 11010110111011110?
11010111000001001
In base 16, what is 8 + -5de901?
-5de8f9
In base 15, what is 97aa7a - -2?
97aa7c
In base 4, what is -102002231 + -122001?
-102130232
In base 13, what is 394011 - 36?
393ca8
In base 8, what is -23731 + 2310?
-21421
In base 7,